*(-342)/(-133). Suppose -5*m = -4*u - 74, 4*u - 2*m = m - 70. Let y = 56 - u. What is the highest common divisor of s and y?
24
Let v(r) = r**2 - 7*r. Let z be v(7). Suppose z*h + 5*h = 10. What is the greatest common factor of 2 and h?
2
Suppose 3*g + 5*y - 109 = 0, -5*g + 2*y = -8*g + 94. What is the highest common divisor of 98 and g?
14
Suppose 141 = 4*q - 147. Calculate the highest common factor of q and 90.
18
Let t(p) = -p**3 - 9*p**2 + 2*p - 1. Let h be t(-9). Let j = h - -55. Calculate the highest common factor of j and 9.
9
Let o = -18 + -20. Let l = o - -51. What is the highest common factor of l and 13?
13
Suppose 2*l = -2*l + 384. Let d(x) = 3*x - 1. Let w be d(1). Suppose 2*u = 22 + w. Calculate the highest common divisor of l and u.
12
Let t = -12 - -45. Let h = 44 - t. Let y = -9 + h. What is the greatest common divisor of y and 2?
2
Let t(q) = -6*q**2 + 3*q + 2. Let f be t(-3). Let m = f + 217. Suppose 6*g - m = 3*g. What is the highest common factor of 13 and g?
13
Suppose 78*n - 936 = 66*n. Calculate the highest common factor of 286 and n.
26
Let d(m) = -m**2 - 9*m - 1. Let z be d(-8). Suppose -z*f - 168 = -9*f. What is the greatest common divisor of f and 12?
12
Let o(g) = 9*g**2 - 29*g - 5. Let a be o(6). Let b = 143 - 85. Calculate the highest common divisor of a and b.
29
Suppose 0 = 25*k - 279 - 146. Let a(u) = 5*u**2 - 2*u + 1. Let t be a(2). What is the greatest common factor of t and k?
17
Let s = 51 + -40. Let f = 6 + 115. What is the greatest common factor of s and f?
11
Suppose 7*s = 168 - 14. Calculate the highest common divisor of s and 209.
11
Let l(z) = -3*z**2 - 77*z + 114. Let u be l(-27). Let f = 119 - 53. What is the greatest common factor of u and f?
6
Let o be (-12)/12 - 271/(-1) - -3. Calculate the greatest common factor of o and 21.
21
Let y(l) = -16*l - 189. Let r be y(-12). Let b(f) = -5*f - 4. Let p be b(-8). Let z be p*((-10)/(-6) - 1). Calculate the greatest common divisor of z and r.
3
Let b(c) = -c - 4. Let h be b(4). Let w = h + 29. Let n(q) = q + 11. Let o be n(10). What is the highest common factor of w and o?
21
Let w be -3 - -6 - (-1)/(-1). Suppose l - 574 = w*a - 0*a, -3*a = -2*l + 1152. Let r be 1/(-6) - l/(-36). Calculate the greatest common factor of 128 and r.
16
Let k(t) = -12*t**2 - 84*t + 4. Let n be k(-7). What is the highest common divisor of 13 and n?
1
Suppose -5*s + 33 = -2*b, -9 = -s + 2*b - b. Let a be (7 - s) + 83/1. What is the greatest common factor of a and 17?
17
Let p(g) = -14*g**3 - g**2 + g + 1. Let c be (-3)/7 - (-12)/(-21). Let h be p(c). Let m be 22/143 - (-193)/h. What is the greatest common factor of m and 6?
3
Let i(a) = -3*a - 3. Let z be i(8). Let t = -39 - z. Let s(d) = d**3 + 13*d**2 + 13*d + 13. Let x be s(t). What is the greatest common factor of 1 and x?
1
Let u = -11 - -63. Let m(j) = -2*j + 1. Let t(b) = -3*b + 2. Let s(f) = 3*m(f) - 4*t(f). Let d be s(3). What is the greatest common factor of d and u?
13
Let x(i) = i**2 - 16*i + 20. Let d be x(0). What is the greatest common factor of 110 and d?
10
Let q(m) = -m + 20. Let w be q(8). Let y(s) = -14*s - 4. Let i be y(-8). What is the highest common divisor of w and i?
12
Let g(o) = 14*o + o - 6 - 1. Let l be g(2). Calculate the highest common factor of 23 and l.
23
Suppose -5*f - 18 - 11 = -q, -3*f = 6. Suppose q = 5*p - 16. What is the highest common divisor of 1 and p?
1
Suppose 3*m + 5*v - 18 = 6*m, 4*v - 12 = 0. Let n be (-126)/(-63) + (-39 + 1)/m. Calculate the greatest common divisor of 440 and n.
40
Let j be 1 - (30/(-20))/(3/8). What is the greatest common divisor of 65 and j?
5
Let t(v) = 16*v + 238. Let h be t(0). What is the highest common factor of 14 and h?
14
Let o = 6 - -3. Let q(d) = d - 1. Let s be q(6). Suppose s*i - 5*r + 3*r - 188 = 0, -56 = -2*i - 4*r. What is the greatest common factor of o and i?
9
Suppose -4 = -3*k + 2*f + 4, 10 = 5*k - 4*f. Let i be (k - -3)*(201/9 - 1). Calculate the highest common divisor of 24 and i.
24
Let p = -48 - -45. Let k = p - -4. Calculate the highest common factor of k and 5.
1
Let k(w) = w - 5. Let y(x) = -2*x + 10. Let d(v) = 5*k(v) + 3*y(v). Let c be d(-9). Calculate the greatest common factor of c and 7.
7
Suppose -21*w + 3762 - 1032 = 0. Calculate the greatest common divisor of w and 1365.
65
Let m be 416/11 + (-42)/(-231). Let g be (-291)/(-15) + 8/(-20). Calculate the highest common divisor of m and g.
19
Let f be (3/(-9)*(-1 - 20))/1. Suppose f*o = 2*o + 1955. What is the highest common divisor of 23 and o?
23
Suppose 0 = -r + h + 14, -r + 5*h = 3 - 33. Suppose -19*v = -4*v + 1533 - 1563. What is the highest common divisor of r and v?
2
Let z be (-2)/4 - 193/(-2). Let k = -10 + 16. Let x = 18 - k. What is the greatest common divisor of z and x?
12
Let b = 222 + -208. Suppose 5*m = 3*y + 35, -m + 2*y = -0*y - 7. What is the greatest common divisor of b and m?
7
Suppose f - 13 = 4*q, -4*f - 2 + 0 = 2*q. Suppose -z - 8 = 5*g, -5*z - 3*g + f = -3. What is the greatest common factor of z and 1?
1
Let p(j) = 10*j**2 - 15*j - 202. Let g be p(-8). Calculate the highest common divisor of 124 and g.
62
Let s be ((-66)/9)/((-4)/72). Suppose -4*n + 3*h = -131, 0*n - s = -4*n + 4*h. What is the greatest common divisor of 128 and n?
32
Suppose 3*y - 8 + 2 = 0. Let o = y - -1. Suppose -o*j = -70 - 2. What is the greatest common divisor of j and 216?
24
Suppose -7*k + 2992 = 1375. What is the highest common divisor of 7 and k?
7
Suppose -529 = -4*z - 113. What is the greatest common divisor of 182 and z?
26
Let c = 3495 - 3463. Suppose -4*s = -1546 + 394. Calculate the greatest common factor of s and c.
32
Let z(x) = -12*x - 9. Let r be z(-4). Let i = r + -38. Let j be ((-5)/4 - i)*-4. What is the highest common factor of j and 18?
9
Let b = -14 - -83. Suppose 386 + 488 = 38*k. Calculate the greatest common divisor of k and b.
23
Suppose 4*i + 784 = 5*g, -5*g + 776 = -7*i + 11*i. What is the greatest common divisor of 39 and g?
39
Let y be 23022/162 - 1/9. What is the greatest common divisor of 1917 and y?
71
Suppose 4*r - 329 = 135. Calculate the highest common divisor of r and 145.
29
Suppose 2*b + 0*b = 12. Suppose -790 = -2*x - 766. Calculate the greatest common factor of x and b.
6
Suppose -2*q = -36 - 8. Let f = 33 + 3. Suppose 19 = b - f. What is the greatest common factor of q and b?
11
Suppose 0 = -12*c - 6*c + 324. Calculate the highest common factor of 531 and c.
9
Suppose 174 = h + 5*m, 247 = 4*h + m - 373. Calculate the greatest common factor of h and 385.
77
Let f(x) be the first derivative of 1 + 1/2*x**2 + 17*x. Let g be f(-8). Calculate the greatest common factor of 1 and g.
1
Suppose 4*i + 8 = 24. Suppose -i*s = 3*d - 89, 5*d = -2*s + 3*d + 46. Suppose k + s = 6*k. Calculate the greatest common factor of 20 and k.
4
Let f = -39 - 33. Let q be (8/f*-6)/(1/3). Calculate the highest common factor of q and 20.
2
Suppose j - g = 3710, 0 = -5*j - 10*g + 5*g + 18530. What is the greatest common factor of j and 36?
36
Let x = -23 + 93. Suppose 3*d - 60 = -d - 2*j, 6 = 3*j. Calculate the greatest common factor of x and d.
14
Let b be -9*(-3 + 0 - -2). Let x(h) = 10*h + 23. Let p be x(4). Calculate the greatest common factor of b and p.
9
Let d = -161 + 96. Let x = d + 99. Suppose -2*c = -5*z - 26, 4*c - 4*z + 3*z = x. What is the highest common factor of c and 64?
8
Let b(j) = -j**3 + 8*j**2 - 9*j + 20. Let m be b(7). Suppose 4*t + 60 = 4*q, -5*t + m = 4*q - 9. Calculate the greatest common divisor of q and 15.
5
Let k(o) be the second derivative of o**4/2 - o**3/2 + o**2/2 - o. Let u be k(1). Calculate the highest common factor of u and 6.
2
Suppose r - 88 = 56. Let v(l) = -12*l. Let d be v(-4). Suppose 2*o - 5*o = 4*z - 48, -3*z = 3*o - d. What is the highest common factor of r and o?
16
Let q be 14664/846*(0 - 1 - -4). What is the highest common divisor of 390 and q?
26
Suppose 2*l + 20 = l. Suppose 7*v - 8*v = -40. Let w = v - l. What is the greatest common divisor of w and 15?
15
Let s(g) = -6*g - 80. Let d be s(-15). Calculate the greatest common factor of d and 8.
2
Let t(s) = -6*s - 236. Let p be t(-42). What is the greatest common factor of p and 136?
8
Suppose 252 = -154*v + 155*v. What is the greatest common divisor of 144 and v?
36
L